2
Let p(k) = -13*k**2 + 43*k**2 - 51*k - 13*k**3 + 12*k**3 - 21. Calculate the remainder when p(28) is divided by 62.
57
Let o = -41 - -2643. Calculate the remainder when o is divided by 19.
18
Calculate the remainder when (-4)/(-10) + 6/27 + 800720/450 is divided by 81.
79
Let d be 58116/54 - ((-4)/(-9))/2. Suppose 0 = -21*m + 17*m + d. Let v = m - 171. Calculate the remainder when v is divided by 20.
18
Let n(p) = -2*p**3 + 55*p**2 + 30*p - 41. Let y(w) = -w**3 - 11*w**2 - 32*w - 21. Calculate the remainder when n(28) is divided by y(-7).
1
Suppose -5*o + 2*j = -230, -22*o = -18*j + 21*j - 1071. Calculate the remainder when 298 is divided by o.
10
Let p be (-4)/(-18) - -1285*2/18. Let k = 55 + p. Suppose -g + k = 10*g. Calculate the remainder when 69 is divided by g.
15
Suppose -2*j + x = -70, 7*j + x - 44 = 6*j. Calculate the remainder when 287 is divided by j.
21
Let d be 435/(-24) - (-2)/16. Let h = 68 + -58. What is the remainder when h is divided by ((-35)/21)/(5/d)?
4
Suppose -4*n + 12 = 5*i, 8*n - 3*n - 15 = i. Suppose -5*h + g + 404 = i, 0 = -6*g + 3*g + 3. Let l = 87 - h. Calculate the remainder when 16 is divided by l.
4
Let q(z) = 9*z + 0 - 10 - z**2 + 9*z. Let n(i) = -21*i**2 + 46*i + 6. Let k be n(2). Calculate the remainder when q(k) is divided by 24.
22
Let b(a) = -a**2 - 13*a - 13. Let k be b(-11). Suppose 0 - k = -u. Let h = 28 + -21. What is the remainder when u is divided by h?
2
What is the remainder when 2603 is divided by 53/477 + (-15370)/(-18)?
41
Suppose 0 = -2*g + h + 12, -g + 2 - 5 = -5*h. Suppose -16 = -w - 5*s + 12, -5*s + 41 = 2*w. Calculate the remainder when w is divided by g.
6
What is the remainder when 1593 is divided by -2*(17 + 262/(-4))?
41
Suppose 101848 = 64*o - 33428 - 155796. What is the remainder when o is divided by 21?
12
Let t = 196 - 80. Let b(a) = 15*a**2 - 585*a + 41. Calculate the remainder when t is divided by b(39).
34
Let f = -12976 - -12995. What is the remainder when 7500 is divided by f?
14
Let s(c) = -7*c - 10. Let b(q) = q + 4. Let d(x) = 1. Let o(n) = b(n) - 3*d(n). Let j(y) = 10*o(y) + 2*s(y). What is the remainder when 35 is divided by j(-5)?
5
Let c(o) = o + 53. Suppose -p - 1 = -2*a, -4*p + 26 = -0*p + 2*a. What is the remainder when c(p) is divided by 6?
4
What is the remainder when 363 is divided by 3513/1171*(0 + (-58)/(-6))?
15
Let p = 10355 - 10265. Calculate the remainder when 995 is divided by p.
5
Let m be -4 - (-1 + 42)*-1. Suppose m*t = 41*t + 496. Let y = t + 197. What is the remainder when y is divided by 19?
16
Let f(l) = -8*l - 5*l + 6 + 12 - 4. Calculate the remainder when f(-5) is divided by 10.
9
Suppose -107*i = -131*i + 13152. Calculate the remainder when i is divided by 49.
9
Suppose 5*w - 6*w = 3*j - 36, 0 = -5*w - j + 152. Suppose -2590 = -w*r + 3440. What is the remainder when r is divided by 34?
31
Suppose -u + 2*c + 1969 = 0, -5*u + 9827 = -0*c - c. Suppose -7*d + u = 320. What is the remainder when d is divided by 16?
11
Let d(a) = 20*a**2 + 10*a - 39. Let c be d(-10). Suppose 699 = 16*i - c. Suppose 12*r - 128 - i = 0. What is the remainder when r is divided by 8?
0
Let d(m) = -m**2 - 12*m + 36. Suppose 26*y + 60 = 22*y. Let v be d(y). What is the remainder when 49 is divided by (-111)/v - (-10)/15?
10
Let m(l) = l**3 - 19*l**2 + 16*l + 55. Let a(v) = -12*v. Calculate the remainder when a(-3) is divided by m(18).
17
Let u = 12 + -6. Suppose 0 = -4*q + 2*k + 184, -5*q + 229 = 112*k - 114*k. What is the remainder when q is divided by u?
3
Suppose -26*b + 21*b - f + 30 = 0, b - 5*f + 20 = 0. What is the remainder when 130 is divided by 303/15 - 1*b/25?
10
Suppose -3*t + 15 = 5*b, 47 - 45 = -t - 4*b. Calculate the remainder when 618/30 + 6/(-10) is divided by t.
0
Let g = -586 - -394. Let m = g - -222. What is the remainder when 96 is divided by m?
6
Calculate the remainder when -8*49/(-42)*21 is divided by 112.
84
Let y be (120/25)/8*(1033 - 3). Suppose -8*v + y = 530. Calculate the remainder when 42 is divided by v.
9
Let k = -25044 - -25148. Calculate the remainder when 161 is divided by k.
57
Let o = 17422 + -17363. Calculate the remainder when 11089 is divided by o.
56
What is the remainder when (5 - 5) + (84 - 0) is divided by 2222/77 + 7/49?
26
Let h(j) = j**3 + 11*j - 86. What is the remainder when h(13) is divided by 19?
12
Suppose 3*y = 6, 4*y - 2122 = -5*h + 1491. Let t = -269 + h. Calculate the remainder when t is divided by 35.
32
Let i(c) = 2*c**2 + 24*c - 238. Calculate the remainder when 176 is divided by i(7).
8
Suppose 3*f + 90 = -3*k, -5*k + 2*k = -f + 70. Calculate the remainder when 175 is divided by ((-5)/4)/((-4)/(-16)) - k.
15
Suppose 13*y + 167 = 1689 - 66. Calculate the remainder when y is divided by 49.
14
Let p = -3208 + 3254. What is the remainder when 60 is divided by p?
14
Let m(q) be the third derivative of -q**5/60 + 17*q**4/12 + 35*q**3/3 + 202*q**2. Calculate the remainder when m(28) is divided by 5.
3
Suppose -4*q + 5*q = -q + 1760. What is the remainder when q is divided by 280?
40
What is the remainder when (330/(-4))/(-13*(-41)/(-7462)) is divided by 280?
35
Suppose -3690 = -4*n - 87*n + n. What is the remainder when n is divided by 3?
2
Let o(b) = -7*b - 90. Calculate the remainder when 227 is divided by o(-44).
9
Suppose 3*l = 8*l - 20, m - l - 11 = 0. Let o be (1 + -2)*(4 - -1). Let f(c) = 3*c**2 + 6*c - 2. What is the remainder when f(o) is divided by m?
13
Suppose 28*m - 9*m - 815 - 971 = 0. Calculate the remainder when 542 is divided by m.
72
Suppose 0 = -5*v + 19*v + 420. What is the remainder when 40/v - (-176)/6 is divided by 9?
1
Calculate the remainder when (-3 + 2)/((-5*(-7)/(-800135))/1) is divided by 46.
45
Let m = -8457 + 8469. What is the remainder when m is divided by 2 - (-1)/((-2)/(-2))?
0
Let j(u) = -u**3 - 50*u**2 + 39*u - 385. Calculate the remainder when j(-51) is divided by 111.
5
Let i = 151 - 5. Let t = i - 123. What is the remainder when t is divided by 4?
3
Suppose 0 = -210*y + 201*y + 3519. What is the remainder when y is divided by 38?
11
Let y(p) be the third derivative of -p**5/60 + 31*p**4/24 - 49*p**3/6 + 265*p**2. Calculate the remainder when 282 is divided by y(6).
80
Let c = -8553 - -8796. Let z(g) = 4*g**2 + 6*g + 1. Calculate the remainder when c is divided by z(-4).
38
What is the remainder when (1370/4795)/(2/78043) is divided by 25?
24
Suppose 2*f = -2*z - 8, 4*z = -3*f - 10 - 1. Suppose 10 = -5*b + 4*a, -z = -3*b + a - 0*a. Calculate the remainder when 116/8 + b/4 is divided by 4.
3
Let r(z) = -z**3 - 109*z**2 - 124*z - 447. What is the remainder when r(-108) is divided by 629?
23
Suppose 0 = 327*w - 330*w - 429. What is the remainder when 4/(-8)*(0 + w + 1) is divided by 20?
11
Let d(a) = 98*a + 111. Let p be d(-5). Let t = -338 - p. What is the remainder when 119 is divided by t?
37
Let g = 6457 - 6013. Calculate the remainder when g is divided by 31.
10
Let y(a) = -3*a - 16. Let i(u) = -2. Let s(t) = -6*i(t) + 2*y(t). Let x be s(0). What is the remainder when -4*5/x*158 is divided by 40?
38
Let f = -72 - -88. Suppose -3*v - 4*r = 2*v - 1106, 4*v = 5*r + 893. Let c = -127 + v. What is the remainder when c is divided by f?
15
Suppose -i + 7 = -49. Let a = 115 - -65. What is the remainder when i is divided by a/(-36) + 17*2?
27
Let x(g) = 44*g**2 - 286*g - 15. Calculate the remainder when x(10) is divided by 90.
85
Suppose h + 569*k - 567*k + 5 = 0, -5*h = -4*k - 59. Calculate the remainder when 423 is divided by h.
3
Suppose -53854*w + 53848*w = -672. What is the remainder when w is divided by 30?
22
Let l be (108/(-7))/(7/(-49)). Let p = 33 - l. Let c = p + 91. Calculate the remainder when 46 is divided by c.
14
Let i = 18 - -12. Let p be 2*(-3055)/i*-3. Let a = -392 + p. Calculate the remainder when a is divided by 44.
43
Suppose 0*f = -7*f + 1785. Suppose 1869 + f = 12*t. Calculate the remainder when t is divided by 37.
29
Suppose 0 = -5*t + 3*p - 35, -p + 3 = -2. Suppose -47*r + 9398 = 2583. What is the remainder when r is divided by ((-74)/8)/(t/16)?
34
Let t = -9 + 9. Suppose 0 = -4*a - 5*u + 153, t = -7*a + 2*a + 4*u + 181. What is the remainder when a is divided by 29?
8
Let a(w) = 60*w**2 + 2*w - 1. Let r be a(1). Suppose -59*g + r*g = 0. Suppose u - 57 + 0 = g.